{"id":7,"date":"2024-09-13T23:59:09","date_gmt":"2024-09-13T23:59:09","guid":{"rendered":"http:\/\/www.gejzer-legnica.pl\/index.php\/start\/"},"modified":"2026-04-14T17:47:40","modified_gmt":"2026-04-14T17:47:40","slug":"start","status":"publish","type":"page","link":"https:\/\/www.gejzer-legnica.pl\/","title":{"rendered":"Start"},"content":{"rendered":"\n<p class=\"has-text-align-center\">Specjalizujemy si\u0119 w gruntownym czyszczeniu wn\u0119trz aut. Niezale\u017cnie od tego, czy tapicerka jest materia\u0142owa, sk\u00f3rzana, czy pe\u0142na trudnych do usuni\u0119cia plam, nasz zesp\u00f3\u0142 poradzi sobie z ka\u017cdym wyzwaniem. Dba\u0142o\u015b\u0107 o szczeg\u00f3\u0142y sprawia, \u017ce Tw\u00f3j samoch\u00f3d nie tylko l\u015bni, ale r\u00f3wnie\u017c wygl\u0105da i pachnie jak nowy.<\/p>\n\n\n\n<p class=\"has-text-align-center\">\ud83c\udf1f <strong>Profesjonalne sprz\u0105tanie mieszka\u0144:<\/strong><br>Zajmujemy si\u0119 r\u00f3wnie\u017c sprz\u0105taniem dom\u00f3w i mieszka\u0144, oferuj\u0105c kompleksowe us\u0142ugi czyszczenia \u2013 od pod\u0142\u00f3g po okna. Tw\u00f3j dom zostanie przywr\u00f3cony do perfekcyjnego stanu, dzi\u0119ki czemu b\u0119dziesz m\u00f3g\u0142 cieszy\u0107 si\u0119 czystym, \u015bwie\u017cym otoczeniem.<\/p>\n\n\n\n<p class=\"has-text-align-center\">\u2744\ufe0f <strong>Klimatyzowany lokal i suszenie tapicerki:<\/strong><br>Bez wzgl\u0119du na pogod\u0119, nasze us\u0142ugi s\u0105 dost\u0119pne przez ca\u0142y rok. Klimatyzowane pomieszczenie gwarantuje, \u017ce tapicerka Twojego auta b\u0119dzie <strong>ca\u0142kowicie wysuszona<\/strong>, a Ty mo\u017cesz od razu cieszy\u0107 si\u0119 efektem. \u017baden deszcz ani mr\u00f3z nas nie powstrzyma!<\/p>\n\n\n\n<p class=\"has-text-align-center\">\ud83d\udcaa <strong>Specjalistyczny sprz\u0119t i \u015brodki czyszcz\u0105ce:<\/strong><br>Pracujemy wy\u0142\u0105cznie na <strong>najwy\u017cszej jako\u015bci sprz\u0119cie<\/strong> oraz profesjonalnych, ekologicznych \u015brodkach czyszcz\u0105cych, kt\u00f3re s\u0105 bezpieczne dla Ciebie i Twojego otoczenia. Twoje auto i dom zas\u0142uguj\u0105 na najlepsz\u0105 opiek\u0119!<\/p>\n\n\n\n<p class=\"has-text-align-center\">\u23f3 <strong>Oszcz\u0119dno\u015b\u0107 czasu:<\/strong><br>Zajmujemy si\u0119 wszystkim za Ciebie, dzi\u0119ki czemu mo\u017cesz zaoszcz\u0119dzi\u0107 czas i energi\u0119. Czy to czyszczenie auta, czy sprz\u0105tanie mieszkania \u2013 Ty zajmujesz si\u0119 swoimi sprawami, a my dbamy o czysto\u015b\u0107!<\/p>\n","protected":false},"excerpt":{"rendered":"<p>Specjalizujemy si\u0119 w gruntownym czyszczeniu wn\u0119trz aut. Niezale\u017cnie od tego, czy tapicerka jest materia\u0142owa, sk\u00f3rzana, czy pe\u0142na trudnych do usuni\u0119cia plam, nasz zesp\u00f3\u0142 poradzi sobie z ka\u017cdym wyzwaniem. Dba\u0142o\u015b\u0107 o szczeg\u00f3\u0142y sprawia, \u017ce Tw\u00f3j&#46;&#46;&#46;<\/p>\n","protected":false},"author":1,"featured_media":17,"parent":0,"menu_order":0,"comment_status":"closed","ping_status":"closed","template":"","meta":{"om_disable_all_campaigns":false,"_monsterinsights_skip_tracking":false,"_monsterinsights_sitenote_active":false,"_monsterinsights_sitenote_note":"","_monsterinsights_sitenote_category":0,"footnotes":""},"class_list":["post-7","page","type-page","status-publish","has-post-thumbnail","hentry"],"aioseo_notices":[],"_links":{"self":[{"href":"https:\/\/www.gejzer-legnica.pl\/index.php\/wp-json\/wp\/v2\/pages\/7","targetHints":{"allow":["GET"]}}],"collection":[{"href":"https:\/\/www.gejzer-legnica.pl\/index.php\/wp-json\/wp\/v2\/pages"}],"about":[{"href":"https:\/\/www.gejzer-legnica.pl\/index.php\/wp-json\/wp\/v2\/types\/page"}],"author":[{"embeddable":true,"href":"https:\/\/www.gejzer-legnica.pl\/index.php\/wp-json\/wp\/v2\/users\/1"}],"replies":[{"embeddable":true,"href":"https:\/\/www.gejzer-legnica.pl\/index.php\/wp-json\/wp\/v2\/comments?post=7"}],"version-history":[{"count":3,"href":"https:\/\/www.gejzer-legnica.pl\/index.php\/wp-json\/wp\/v2\/pages\/7\/revisions"}],"predecessor-version":[{"id":414,"href":"https:\/\/www.gejzer-legnica.pl\/index.php\/wp-json\/wp\/v2\/pages\/7\/revisions\/414"}],"wp:featuredmedia":[{"embeddable":true,"href":"https:\/\/www.gejzer-legnica.pl\/index.php\/wp-json\/wp\/v2\/media\/17"}],"wp:attachment":[{"href":"https:\/\/www.gejzer-legnica.pl\/index.php\/wp-json\/wp\/v2\/media?parent=7"}],"curies":[{"name":"wp","href":"https:\/\/api.w.org\/{rel}","templated":true}]}}